ulate the greatest common factor of 784047 and 46.
23
Calculate the greatest common factor of 122070 and 1157.
13
What is the highest common factor of 93 and 108562?
31
What is the highest common divisor of 130637 and 4225?
169
Calculate the highest common factor of 48 and 29091.
3
Calculate the highest common factor of 182466 and 1116.
558
Calculate the greatest common divisor of 40122 and 24.
6
Calculate the highest common factor of 573338 and 178.
178
Calculate the highest common divisor of 13590 and 105.
15
What is the highest common divisor of 4 and 84096?
4
Calculate the greatest common factor of 2856 and 602.
14
What is the greatest common factor of 15943 and 157642?
149
What is the highest common divisor of 2834 and 4033?
109
Calculate the greatest common divisor of 20 and 11090.
10
What is the greatest common factor of 112781 and 3509?
29
What is the highest common factor of 2176 and 2872?
8
Calculate the greatest common divisor of 47909 and 1449.
23
Calculate the highest common factor of 430 and 199090.
430
Calculate the greatest common divisor of 2675864 and 424.
424
Calculate the greatest common divisor of 475803 and 4089.
87
What is the greatest common factor of 395 and 2545?
5
Calculate the highest common factor of 17844 and 36.
12
Calculate the highest common factor of 22317 and 2249.
173
Calculate the highest common divisor of 45 and 45780.
15
Calculate the highest common factor of 59 and 21948.
59
What is the highest common divisor of 8760 and 576?
24
What is the highest common divisor of 316421 and 357?
119
What is the greatest common divisor of 17 and 44659?
17
What is the highest common divisor of 4546692 and 81?
81
Calculate the highest common divisor of 26413 and 35939.
433
What is the greatest common factor of 41961 and 21276?
591
What is the greatest common divisor of 576 and 63288?
72
What is the greatest common factor of 66 and 13442?
22
What is the highest common factor of 1047629 and 11?
11
Calculate the greatest common divisor of 1279054 and 14.
14
Calculate the highest common divisor of 85271 and 355.
71
What is the highest common divisor of 4438 and 8559?
317
Calculate the greatest common factor of 2376 and 4049496.
792
Calculate the greatest common divisor of 1150 and 5221.
23
What is the greatest common factor of 1113 and 43778?
371
What is the highest common divisor of 39084 and 48?
12
What is the greatest common factor of 33 and 409629?
33
What is the highest common factor of 269021 and 19?
19
Calculate the greatest common divisor of 36699 and 78.
39
Calculate the highest common divisor of 1211 and 77.
7
What is the highest common divisor of 138 and 300242?
46
Calculate the greatest common factor of 32757 and 448395.
537
What is the greatest common divisor of 320 and 383040?
320
What is the greatest common factor of 373386 and 234?
78
What is the greatest common divisor of 17636 and 8?
4
Calculate the greatest common divisor of 7097 and 3473.
151
Calculate the highest common factor of 116275 and 3250.
25
What is the highest common divisor of 15932 and 56?
28
What is the highest common factor of 2145 and 47135?
55
What is the greatest common factor of 26091 and 44343?
117
Calculate the highest common factor of 16116 and 18530.
34
What is the greatest common factor of 16 and 88?
8
What is the highest common factor of 87240 and 600?
120
What is the highest common factor of 28383 and 15?
3
What is the greatest common factor of 9 and 47961?
9
What is the greatest common divisor of 129645 and 1548?
387
What is the greatest common divisor of 80340 and 780?
780
What is the highest common divisor of 1524 and 1021588?
508
What is the highest common factor of 9246 and 33366?
402
Calculate the greatest common divisor of 818 and 113702.
818
What is the highest common factor of 156 and 8500?
4
Calculate the greatest common divisor of 101640 and 8160.
120
What is the highest common divisor of 480235 and 35?
35
What is the highest common divisor of 3060 and 281340?
180
What is the greatest common factor of 7421114 and 382?
382
What is the greatest common factor of 154597 and 31?
31
Calculate the greatest common factor of 3443 and 517.
11
Calculate the highest common factor of 2 and 68587.
1
What is the greatest common factor of 358 and 1684748?
358
What is the greatest common divisor of 40833 and 26?
13
What is the highest common divisor of 2673 and 62667?
297
What is the highest common factor of 431 and 2083454?
431
Calculate the greatest common factor of 4529 and 17794.
7
Calculate the greatest common factor of 11663 and 1177.
107
Calculate the highest common factor of 45 and 163335.
15
Calculate the greatest common divisor of 38 and 1412137.
19
Calculate the greatest common factor of 2464 and 4592.
112
Calculate the highest common divisor of 30 and 65505.
15
What is the greatest common divisor of 47416 and 34?
2
What is the greatest common factor of 34 and 60367?
17
Calculate the highest common divisor of 1086 and 730154.
362
Calculate the highest common factor of 948 and 1156.
4
What is the highest common divisor of 114 and 10002?
6
Calculate the greatest common factor of 128 and 67976.
8
Calculate the highest common factor of 1423727 and 171.
19
What is the greatest common divisor of 74105 and 35?
5
Calculate the greatest common divisor of 4620 and 4368.
84
Calculate the highest common factor of 44000 and 1120.
160
Calculate the highest common factor of 2511 and 39990.
93
What is the highest common factor of 67584 and 44032?
1024
Calculate the greatest common divisor of 23465 and 10.
5
Calculate the greatest common divisor of 690 and 2334.
6
What is the greatest common divisor of 390 and 73957?
13
Calculate the greatest common factor of 36981 and 63.
63
What is the greatest common divisor of 1260 and 2933910?
630
Calculate the highest common divisor of 360068 and 8.
4
Calculate the highest common factor of 2 and 3400150.
2
Calculate the greatest common factor of 105808 and 4352.
272
Calculate the greatest common factor of 66778 and 8878.
386
Calculate the greatest common divisor of 48 and 121648.
16
What is the highest common factor of 17 and 943517?
17
What is the highest common factor of 42 and 17283?
21
Calculate the greatest common divisor of 296521 and 122.
61
What is the greatest common factor of 87104 and 192?
64
What is the greatest common divisor of 21 and 4137?
21
Calculate the highest common factor of 14 and 117432.
14
What is the greatest common divisor of 30 and 705855?
15
Calculate the highest common factor of 197687 and 248.
31
What is the highest common divisor of 3772 and 17712?
164
What is the highest common divisor of 120 and 14004?
12
Calculate the greatest common divisor of 2850 and 7705.
5
Calculate the highest common factor of 2947 and 14.
7
Calculate the highest common divisor of 69 and 421.
1
What is the greatest common factor of 22669232 and 139?
139
Calculate the highest common factor of 5076 and 5724.
108
What is the greatest common factor of 4792 and 211?
1
What is the greatest common divisor of 12474 and 18249?
231
Calculate the greatest common divisor of 583803 and 66.
33
Calculate the highest common factor of 3423642 and 138.
138
Calculate the greatest common factor of 7585 and 615.
205
Calculate the greatest common divisor of 236630 and 540.
10
Calculate the greatest common factor of 312 and 17106.
6
What is the highest common factor of 187 and 451?
11
What is the highest common divisor of 55726 and 935?
187
Calculate the greatest common factor of 46452 and 18228.
588
Calculate the greatest common divisor of 40 and 30010.
10
Calculate the highest common factor of 3048 and 7240524.
1524
Calculate the highest common divisor of 1586 and 1159.
61
Calculate the highest common divisor of 185067 and 36.
9
What is the greatest common divisor of 1656050 and 2200?
550
Calculate the highest common divisor of 4028 and 12508.
212
What is the greatest common factor of 46 and 3072731?
23
Calculate the greatest common factor of 189728 and 605.
121
What is the highest common divisor of 4716681 and 31?
31
Calculate the greatest common divisor of 7990 and 212330.
170
What is the greatest common factor of 11364 and 924?
12
What is the highest common factor of 513 and 56259?
171
What is the highest comm